 1413?
3
What is the thousands digit of 4467?
4
What is the thousands digit of 4310?
4
What is the units digit of 8406?
6
What is the ten thousands digit of 14001?
1
What is the units digit of 7216?
6
What is the hundreds digit of 8581?
5
What is the ten thousands digit of 108552?
0
What is the units digit of 115?
5
What is the units digit of 5392?
2
What is the hundreds digit of 4352?
3
What is the units digit of 354?
4
What is the hundreds digit of 525?
5
What is the tens digit of 422?
2
What is the thousands digit of 2341?
2
What is the thousands digit of 165313?
5
What is the hundreds digit of 407?
4
What is the ten thousands digit of 16657?
1
What is the units digit of 2077?
7
What is the hundreds digit of 71945?
9
What is the units digit of 16829?
9
What is the hundreds digit of 49622?
6
What is the units digit of 259?
9
What is the units digit of 509?
9
What is the units digit of 958?
8
What is the units digit of 13227?
7
What is the hundreds digit of 162?
1
What is the tens digit of 60794?
9
What is the units digit of 25858?
8
What is the units digit of 37532?
2
What is the tens digit of 1496?
9
What is the units digit of 2439?
9
What is the hundreds digit of 1371?
3
What is the tens digit of 2215?
1
What is the tens digit of 2435?
3
What is the hundreds digit of 1949?
9
What is the units digit of 70302?
2
What is the hundreds digit of 2091?
0
What is the thousands digit of 49253?
9
What is the thousands digit of 4215?
4
What is the ten thousands digit of 38534?
3
What is the tens digit of 177339?
3
What is the tens digit of 94480?
8
What is the tens digit of 2015?
1
What is the units digit of 2700?
0
What is the tens digit of 5055?
5
What is the hundreds digit of 588?
5
What is the hundreds digit of 17684?
6
What is the units digit of 686?
6
What is the thousands digit of 19926?
9
What is the tens digit of 709?
0
What is the tens digit of 1973?
7
What is the units digit of 1179?
9
What is the thousands digit of 4459?
4
What is the thousands digit of 21103?
1
What is the units digit of 344?
4
What is the ten thousands digit of 24800?
2
What is the tens digit of 102021?
2
What is the hundreds digit of 15955?
9
What is the thousands digit of 4417?
4
What is the hundreds digit of 2677?
6
What is the hundreds digit of 10202?
2
What is the ten thousands digit of 132209?
3
What is the thousands digit of 27051?
7
What is the hundreds digit of 5816?
8
What is the thousands digit of 31482?
1
What is the ten thousands digit of 55473?
5
What is the tens digit of 2277?
7
What is the units digit of 1067?
7
What is the units digit of 36592?
2
What is the units digit of 2592?
2
What is the hundreds digit of 973?
9
What is the thousands digit of 1890?
1
What is the units digit of 26?
6
What is the tens digit of 6645?
4
What is the thousands digit of 5916?
5
What is the units digit of 7982?
2
What is the units digit of 381?
1
What is the units digit of 1979?
9
What is the units digit of 26354?
4
What is the tens digit of 12134?
3
What is the hundreds digit of 2593?
5
What is the units digit of 2309?
9
What is the hundreds digit of 13836?
8
What is the thousands digit of 1576?
1
What is the thousands digit of 36519?
6
What is the units digit of 17315?
5
What is the thousands digit of 115616?
5
What is the units digit of 14027?
7
What is the thousands digit of 5604?
5
What is the thousands digit of 56842?
6
What is the tens digit of 7375?
7
What is the thousands digit of 2483?
2
What is the hundreds digit of 1355?
3
What is the hundreds digit of 6652?
6
What is the units digit of 8578?
8
What is the tens digit of 1186?
8
What is the thousands digit of 12263?
2
What is the tens digit of 825?
2
What is the hundreds digit of 65861?
8
What is the tens digit of 7726?
2
What is the tens digit of 15786?
8
What is the hundreds digit of 634?
6
What is the ten thousands digit of 50700?
5
What is the units digit of 4120?
0
What is the tens digit of 216?
1
What is the hundreds digit of 11509?
5
What is the thousands digit of 139800?
9
What is the hundreds digit of 4827?
8
What is the tens digit of 71?
7
What is the thousands digit of 18718?
8
What is the hundreds digit of 117?
1
What is the ten thousands digit of 14212?
1
What is the hundreds digit of 7024?
0
What is the hundreds digit of 1853?
8
What is the tens digit of 17868?
6
What is the thousands digit of 177997?
7
What is the tens digit of 1526?
2
What is the units digit of 6074?
4
What is the thousands digit of 15584?
5
What is the ten thousands digit of 13853?
1
What is the hundreds digit of 620?
6
What is the ten thousands digit of 25064?
2
What is the units digit of 2226?
6
What is the hundreds digit of 10675?
6
What is the thousands digit of 1301?
1
What is the tens digit of 14122?
2
What is the hundreds digit of 765?
7
What is the hundreds digit of 912?
9
What is the tens digit of 18090?
9
What is the tens digit of 1990?
9
What is the thousands digit of 11983?
1
What is the tens digit of 95?
9
What is the hundreds digit of 2514?
5
What is the tens digit of 24882?
8
What is the units digit of 45283?
3
What is the units digit of 120?
0
What is the hundreds digit of 34711?
7
What is the ten thousands digit of 16595?
1
What is the units digit of 1808?
8
What is the ten thousands digit of 11722?
1
What is the tens digit of 79493?
9
What is the tens digit of 7857?
5
What is the thousands digit of 1472?
1
What is the tens digit of 12539?
3
What is the hundreds digit of 1921?
9
What is the hundreds digit of 1848?
8
What is the ten thousands digit of 134625?
3
What is the hundreds digit of 540?
5
What is the ten thousands digit of 24707?
2
What is the units digit of 3723?
3
What is the hundreds digit of 1244?
2
What is the hundreds digit of 726?
7
What is the ten thousands digit of 92574?
9
What is the units digit of 27819?
9
What is the ten thousands digit of 31873?
3
What is the units digit of 105828?
8
What is the thousands digit of 4639?
4
What is the hundreds digit of 1028?
0
What is the tens digit of 12290?
9
What is the units digit of 280?
0
What is the hundreds digit of 16902?
9
What is the hundreds digit of 5474?
4
What is the units digit of 2387?
7
What is the tens digit of 17658?
5
What is the tens digit of 1001?
0
What is the tens digit of 9509?
0
What is the units digit of 675?
5
What is the hundreds digit of 582?
5
What is the tens digit of 21029?
2
What is the units digit of 3633?
3
What is the tens digit of 585?
8
What is the thousands digit of 129350?
9
What is the ten thousands digit of 123881?
2
What is the thousands digit of 21181?
1
What is the units digit of 677?
7
What is the hundreds digit of 5027?
0
What is the units digit of 44241?
1
What is the tens digit of 5499?
9
What is the units digit of 2885?
5
What is the hundreds digit of 2214?
2
What is the ten thousands digit of 61722?
6
What is the hundreds digit of 11975?
9
What is the hundreds digit of 144?
1
What is the ten thousands digit of 25710?
2
What is the thousands digit of 6574?
6
What is the thousands digit of 1614?
1
What is the units digit of 4881?
1
What is the units digit of 298?
8
What is the thousands digit of 5364?
5
What is the tens digit of 29089?
8
What is the ten thousands digit of 74429?
7
What is the tens digit of 16801?
0
What is the thousands digit of 15221?
5
What is the thousands digit of 8599?
8
What is the units digit of 737?
7
What is the tens digit of 1293?
9
What is the hundreds digit of 787?
7
What is the hundreds digit of 100596?
5
What is the tens digit of 2713?
1
What is the thousands digit of 5786?
5
What is the hundreds digit of 1564?
5
What is the ten thousands digit of 29720?
2
What is the hundreds digit of 698?
6
What is the thousands digit of 1417?
1
What is the thousands digit of 2185?
2
What is the hundreds digit of 12186?
1
What is the ten thousands digit of 34981?
3
What is the hundreds digit of 4695?
6
What is the hundreds digit of 34291?
2
What is the units digit of 3096?
6
What is the thousands digit of 2413?
2
What is the hundreds digit of 765?
7
What is the hundreds digit of 7121?
1
What is the tens digit of 8248?
4
What is the tens digit of 3747?
4
What is the ten thousands digit of 28563?
2
What is the units digit of 1935?
5
What is the units digit of 358?
8
What is the tens digit 